{"id":9460,"date":"2025-07-05T19:54:38","date_gmt":"2025-07-05T17:54:38","guid":{"rendered":"https:\/\/syncro-group.com\/acelabs\/product\/sistema-di-visione-della-qualita-del-vetro\/"},"modified":"2026-01-22T22:40:32","modified_gmt":"2026-01-22T21:40:32","slug":"glass-quality-vision-system","status":"publish","type":"product","link":"https:\/\/syncro-group.com\/acelabs\/product\/glass-quality-vision-system\/","title":{"rendered":"Glass Quality Vision System"},"content":{"rendered":"","protected":false},"excerpt":{"rendered":"<p>GQVS \u00e8 un sistema automatizzato per il controllo qualit\u00e0 del vetro, applicabile sia alle lastre di vetro grezze sia ai prodotti finiti dopo il taglio e la molatura. Lo stesso sistema pu\u00f2 essere utilizzato anche per valutare la qualit\u00e0 di altri materiali trasparenti come il policarbonato, cos\u00ec come del vetro colorato o rivestito.<\/p>\n<p>&nbsp;<\/p>\n","protected":false},"featured_media":9452,"template":"","meta":[],"product_brand":[],"product_cat":[898],"product_tag":[],"class_list":{"0":"post-9460","1":"product","2":"type-product","3":"status-publish","4":"has-post-thumbnail","6":"product_cat-vetro-piano","8":"first","9":"instock","10":"shipping-taxable","11":"product-type-simple"},"yoast_head":"<!-- This site is optimized with the Yoast SEO plugin v25.0 - https:\/\/yoast.com\/wordpress\/plugins\/seo\/ -->\n<title>Glass Quality Vision System - Welcome to Acelabs Website<\/title>\n<meta name=\"robots\" content=\"index, follow, max-snippet:-1, max-image-preview:large, max-video-preview:-1\" \/>\n<link rel=\"canonical\" href=\"https:\/\/syncro-group.com\/acelabs\/product\/glass-quality-vision-system\/\" \/>\n<meta property=\"og:locale\" content=\"it_IT\" \/>\n<meta property=\"og:type\" content=\"article\" \/>\n<meta property=\"og:title\" content=\"Glass Quality Vision System - Welcome to Acelabs Website\" \/>\n<meta property=\"og:description\" content=\"GQVS \u00e8 un sistema automatizzato per il controllo qualit\u00e0 del vetro, applicabile sia alle lastre di vetro grezze sia ai prodotti finiti dopo il taglio e la molatura. Lo stesso sistema pu\u00f2 essere utilizzato anche per valutare la qualit\u00e0 di altri materiali trasparenti come il policarbonato, cos\u00ec come del vetro colorato o rivestito.  &nbsp;\" \/>\n<meta property=\"og:url\" content=\"https:\/\/syncro-group.com\/acelabs\/product\/glass-quality-vision-system\/\" \/>\n<meta property=\"og:site_name\" content=\"Welcome to Acelabs Website\" \/>\n<meta property=\"article:modified_time\" content=\"2026-01-22T21:40:32+00:00\" \/>\n<meta property=\"og:image\" content=\"https:\/\/syncro-group.com\/acelabs\/wp-content\/uploads\/2025\/07\/Glass-Quality-immagine.png\" \/>\n\t<meta property=\"og:image:width\" content=\"485\" \/>\n\t<meta property=\"og:image:height\" content=\"468\" \/>\n\t<meta property=\"og:image:type\" content=\"image\/png\" \/>\n<meta name=\"twitter:card\" content=\"summary_large_image\" \/>\n<meta name=\"twitter:label1\" content=\"Tempo di lettura stimato\" \/>\n\t<meta name=\"twitter:data1\" content=\"1 minuto\" \/>\n<script type=\"application\/ld+json\" class=\"yoast-schema-graph\">{\"@context\":\"https:\/\/schema.org\",\"@graph\":[{\"@type\":\"WebPage\",\"@id\":\"https:\/\/syncro-group.com\/acelabs\/product\/glass-quality-vision-system\/\",\"url\":\"https:\/\/syncro-group.com\/acelabs\/product\/glass-quality-vision-system\/\",\"name\":\"Glass Quality Vision System - Welcome to Acelabs Website\",\"isPartOf\":{\"@id\":\"https:\/\/syncro-group.com\/acelabs\/#website\"},\"primaryImageOfPage\":{\"@id\":\"https:\/\/syncro-group.com\/acelabs\/product\/glass-quality-vision-system\/#primaryimage\"},\"image\":{\"@id\":\"https:\/\/syncro-group.com\/acelabs\/product\/glass-quality-vision-system\/#primaryimage\"},\"thumbnailUrl\":\"https:\/\/syncro-group.com\/acelabs\/wp-content\/uploads\/2025\/07\/Glass-Quality-immagine.png\",\"datePublished\":\"2025-07-05T17:54:38+00:00\",\"dateModified\":\"2026-01-22T21:40:32+00:00\",\"breadcrumb\":{\"@id\":\"https:\/\/syncro-group.com\/acelabs\/product\/glass-quality-vision-system\/#breadcrumb\"},\"inLanguage\":\"it-IT\",\"potentialAction\":[{\"@type\":\"ReadAction\",\"target\":[\"https:\/\/syncro-group.com\/acelabs\/product\/glass-quality-vision-system\/\"]}]},{\"@type\":\"ImageObject\",\"inLanguage\":\"it-IT\",\"@id\":\"https:\/\/syncro-group.com\/acelabs\/product\/glass-quality-vision-system\/#primaryimage\",\"url\":\"https:\/\/syncro-group.com\/acelabs\/wp-content\/uploads\/2025\/07\/Glass-Quality-immagine.png\",\"contentUrl\":\"https:\/\/syncro-group.com\/acelabs\/wp-content\/uploads\/2025\/07\/Glass-Quality-immagine.png\",\"width\":485,\"height\":468},{\"@type\":\"BreadcrumbList\",\"@id\":\"https:\/\/syncro-group.com\/acelabs\/product\/glass-quality-vision-system\/#breadcrumb\",\"itemListElement\":[{\"@type\":\"ListItem\",\"position\":1,\"name\":\"Home\",\"item\":\"https:\/\/syncro-group.com\/acelabs\/\"},{\"@type\":\"ListItem\",\"position\":2,\"name\":\"Prodotti\",\"item\":\"https:\/\/syncro-group.com\/acelabs\/products\/\"},{\"@type\":\"ListItem\",\"position\":3,\"name\":\"Glass Quality Vision System\"}]},{\"@type\":\"WebSite\",\"@id\":\"https:\/\/syncro-group.com\/acelabs\/#website\",\"url\":\"https:\/\/syncro-group.com\/acelabs\/\",\"name\":\"Welcome to Acelabs Website\",\"description\":\"Welcome to Acelabs Website\",\"potentialAction\":[{\"@type\":\"SearchAction\",\"target\":{\"@type\":\"EntryPoint\",\"urlTemplate\":\"https:\/\/syncro-group.com\/acelabs\/?s={search_term_string}\"},\"query-input\":{\"@type\":\"PropertyValueSpecification\",\"valueRequired\":true,\"valueName\":\"search_term_string\"}}],\"inLanguage\":\"it-IT\"}]}<\/script>\n<!-- \/ Yoast SEO plugin. -->","yoast_head_json":{"title":"Glass Quality Vision System - Welcome to Acelabs Website","robots":{"index":"index","follow":"follow","max-snippet":"max-snippet:-1","max-image-preview":"max-image-preview:large","max-video-preview":"max-video-preview:-1"},"canonical":"https:\/\/syncro-group.com\/acelabs\/product\/glass-quality-vision-system\/","og_locale":"it_IT","og_type":"article","og_title":"Glass Quality Vision System - Welcome to Acelabs Website","og_description":"GQVS \u00e8 un sistema automatizzato per il controllo qualit\u00e0 del vetro, applicabile sia alle lastre di vetro grezze sia ai prodotti finiti dopo il taglio e la molatura. Lo stesso sistema pu\u00f2 essere utilizzato anche per valutare la qualit\u00e0 di altri materiali trasparenti come il policarbonato, cos\u00ec come del vetro colorato o rivestito.  &nbsp;","og_url":"https:\/\/syncro-group.com\/acelabs\/product\/glass-quality-vision-system\/","og_site_name":"Welcome to Acelabs Website","article_modified_time":"2026-01-22T21:40:32+00:00","og_image":[{"width":485,"height":468,"url":"https:\/\/syncro-group.com\/acelabs\/wp-content\/uploads\/2025\/07\/Glass-Quality-immagine.png","type":"image\/png"}],"twitter_card":"summary_large_image","twitter_misc":{"Tempo di lettura stimato":"1 minuto"},"schema":{"@context":"https:\/\/schema.org","@graph":[{"@type":"WebPage","@id":"https:\/\/syncro-group.com\/acelabs\/product\/glass-quality-vision-system\/","url":"https:\/\/syncro-group.com\/acelabs\/product\/glass-quality-vision-system\/","name":"Glass Quality Vision System - Welcome to Acelabs Website","isPartOf":{"@id":"https:\/\/syncro-group.com\/acelabs\/#website"},"primaryImageOfPage":{"@id":"https:\/\/syncro-group.com\/acelabs\/product\/glass-quality-vision-system\/#primaryimage"},"image":{"@id":"https:\/\/syncro-group.com\/acelabs\/product\/glass-quality-vision-system\/#primaryimage"},"thumbnailUrl":"https:\/\/syncro-group.com\/acelabs\/wp-content\/uploads\/2025\/07\/Glass-Quality-immagine.png","datePublished":"2025-07-05T17:54:38+00:00","dateModified":"2026-01-22T21:40:32+00:00","breadcrumb":{"@id":"https:\/\/syncro-group.com\/acelabs\/product\/glass-quality-vision-system\/#breadcrumb"},"inLanguage":"it-IT","potentialAction":[{"@type":"ReadAction","target":["https:\/\/syncro-group.com\/acelabs\/product\/glass-quality-vision-system\/"]}]},{"@type":"ImageObject","inLanguage":"it-IT","@id":"https:\/\/syncro-group.com\/acelabs\/product\/glass-quality-vision-system\/#primaryimage","url":"https:\/\/syncro-group.com\/acelabs\/wp-content\/uploads\/2025\/07\/Glass-Quality-immagine.png","contentUrl":"https:\/\/syncro-group.com\/acelabs\/wp-content\/uploads\/2025\/07\/Glass-Quality-immagine.png","width":485,"height":468},{"@type":"BreadcrumbList","@id":"https:\/\/syncro-group.com\/acelabs\/product\/glass-quality-vision-system\/#breadcrumb","itemListElement":[{"@type":"ListItem","position":1,"name":"Home","item":"https:\/\/syncro-group.com\/acelabs\/"},{"@type":"ListItem","position":2,"name":"Prodotti","item":"https:\/\/syncro-group.com\/acelabs\/products\/"},{"@type":"ListItem","position":3,"name":"Glass Quality Vision System"}]},{"@type":"WebSite","@id":"https:\/\/syncro-group.com\/acelabs\/#website","url":"https:\/\/syncro-group.com\/acelabs\/","name":"Welcome to Acelabs Website","description":"Welcome to Acelabs Website","potentialAction":[{"@type":"SearchAction","target":{"@type":"EntryPoint","urlTemplate":"https:\/\/syncro-group.com\/acelabs\/?s={search_term_string}"},"query-input":{"@type":"PropertyValueSpecification","valueRequired":true,"valueName":"search_term_string"}}],"inLanguage":"it-IT"}]}},"_links":{"self":[{"href":"https:\/\/syncro-group.com\/acelabs\/wp-json\/wp\/v2\/product\/9460","targetHints":{"allow":["GET"]}}],"collection":[{"href":"https:\/\/syncro-group.com\/acelabs\/wp-json\/wp\/v2\/product"}],"about":[{"href":"https:\/\/syncro-group.com\/acelabs\/wp-json\/wp\/v2\/types\/product"}],"wp:featuredmedia":[{"embeddable":true,"href":"https:\/\/syncro-group.com\/acelabs\/wp-json\/wp\/v2\/media\/9452"}],"wp:attachment":[{"href":"https:\/\/syncro-group.com\/acelabs\/wp-json\/wp\/v2\/media?parent=9460"}],"wp:term":[{"taxonomy":"product_brand","embeddable":true,"href":"https:\/\/syncro-group.com\/acelabs\/wp-json\/wp\/v2\/product_brand?post=9460"},{"taxonomy":"product_cat","embeddable":true,"href":"https:\/\/syncro-group.com\/acelabs\/wp-json\/wp\/v2\/product_cat?post=9460"},{"taxonomy":"product_tag","embeddable":true,"href":"https:\/\/syncro-group.com\/acelabs\/wp-json\/wp\/v2\/product_tag?post=9460"}],"curies":[{"name":"wp","href":"https:\/\/api.w.org\/{rel}","templated":true}]}}